 = 2*r**2 + 2*r - 1. Let u(g) = -7*g**2 - 6*g + 3. Let w(m) = l*h(m) - 6*u(m). What is w(1)?
9
Let c(a) = -a**3 + 2*a**2 - 3*a + 3. Let w be c(2). Let o(v) = 17*v + 4. Let p(k) = -8*k - 2. Let g(i) = -2*o(i) - 5*p(i). Determine g(w).
-16
Let w(t) = 3*t**2 - 12*t - 3. Suppose 5*j = -3*d - 100, 2*j - 7*j + d = 80. Let v(z) = -z**2 + 4*z + 1. Let l(q) = j*v(q) - 6*w(q). Give l(5).
-4
Let t(f) = f**3 - 4*f**2 + f. Suppose 0 = -8*h - 5 + 37. Give t(h).
4
Let b(r) be the second derivative of 1/6*r**3 - 1/20*r**5 + 1/3*r**4 + 0 + 3*r + 1/2*r**2. Determine b(3).
13
Let q(g) = 5*g**3 + 5*g**2 + 3*g - 4. Let h(n) = -3*n**3 - 6*n**2 - 4*n + 5. Let b(z) = -3*h(z) - 4*q(z). What is b(1)?
-12
Let s(i) = 4*i**2 - 6*i + 5. Let h(m) = 3*m**2 - 5*m + 4. Let p be 156/42 + (-2)/(-7). Let f(g) = p*s(g) - 5*h(g). Give f(-1).
0
Let j(u) = 5*u**3 - 2*u**2 - 2*u. Let c(q) = -11*q**3 + 4*q**2 + 4*q. Let t(r) = -6*c(r) - 13*j(r). Suppose w + 3*w - 12 = 0. Suppose w*m - 2 = -8. Give t(m).
-4
Let p(c) = 5*c + 11. Let f(l) = 2*l + 5. Suppose 3*x = -5*u + 22, -2*u = 3*x - 5*u - 6. Let g(q) = x*p(q) - 9*f(q). What is g(3)?
5
Let a be (12/3 - 5)/1. Let i(h) = 2*h - 3. Let o(j) = j**2 - j + 1. Let s(v) = -i(v) - 3*o(v). Give s(a).
-4
Let u(o) = -5*o**3 - 13*o**2 + 11*o + 13. Let x(m) = 14*m**3 + 38*m**2 - 32*m - 38. Let v(h) = 17*u(h) + 6*x(h). Give v(6).
-1
Suppose -x + 5 = -5. Suppose 0*h + 5*h = -x, -2*m + h + 2 = 0. Suppose m = d - 5*p - 4 - 5, 5*p = -5. Let k(f) = f - 8. What is k(d)?
-4
Let l(i) = -i**2 - 7*i - 8. Suppose 3 = -4*z - 21. Give l(z).
-2
Let o(n) be the third derivative of -n**6/24 - 2*n**5/15 - n**3 + 2*n**2. Let d(u) = -14*u**3 - 24*u**2 - 17. Let z(l) = 6*d(l) - 17*o(l). Determine z(8).
0
Let a(c) = -3*c**3 + 3*c**2 + 3*c + 1. Let s(v) = 16*v**3 - 16*v**2 - 16*v - 6. Let b(p) = -11*a(p) - 2*s(p). What is b(3)?
16
Let s(i) = -3*i**2 - 2*i - 4. Let o = -6 - -4. Let n(j) = -4*j**2 - j - 5. Let q(l) = o*n(l) + 3*s(l). What is q(-5)?
-7
Let h(y) = 8*y**3 + y**2 + 5*y. Let i(s) = -24*s**3 - 3*s**2 - 14*s. Let w(z) = 17*h(z) + 6*i(z). Calculate w(1).
-8
Let h(x) = 4*x - 6. Let v(m) = -5*m + 7. Let t(c) = -7*h(c) - 6*v(c). Give t(-6).
-12
Let c(g) = -3 - 5*g + 4*g + 1. What is c(-1)?
-1
Let g(t) be the third derivative of -t**4/12 + t**3/3 + 6*t**2. Suppose -u = -5*u + 52. Let f be u/3 - (-3)/(-9). Determine g(f).
-6
Let l be 0/((-2 + 0)/2). Let i = -1 + l. Let t(o) = -o**2 - 3 + 2 + 15*o**3 - 2*o - 18*o**3. Give t(i).
3
Let n(t) be the third derivative of 6*t**2 + 0 - 1/24*t**4 - 1/60*t**5 + 5/3*t**3 + 1/120*t**6 + 0*t. Determine n(0).
10
Let t = 1 - 2. Let x(b) = -7*b**2 - 2*b. Let a(j) = -8*j**2 - 5*j. Let y(g) = g**2 - g. Let o(c) = a(c) - 2*y(c). Let f(i) = 5*o(i) - 8*x(i). What is f(t)?
5
Let c(l) = -l + 7. Let n be c(5). Suppose a - n = -u, 0 = 5*u + 3*a - 6*a - 10. Let j(y) = -y + 2. Give j(u).
0
Let d(p) = p**3 - p**2 + p - 13. Let n(u) = u**2 + u - 2. Let g be n(1). What is d(g)?
-13
Let g(o) be the third derivative of -o**6/120 - o**5/30 + o**4/24 + o**3/6 - 3*o**2. Determine g(-2).
-1
Let i(s) be the third derivative of -s**5/60 - s**4/4 - s**3/2 + 4*s**2. Let r = -9 - -5. What is i(r)?
5
Let w(k) = k**2 - 6. Let u be w(3). Let p(z) = 2*z**2 - 3*z - 2. Determine p(u).
7
Let a(c) = 3*c - 1. Suppose -h + 2 = -6. Let y = -6 + h. Calculate a(y).
5
Let y(o) = -o**3 - 11*o**2 - 19*o - 7. Let r be y(-9). Let s(i) be the second derivative of i**3/6 + i. Calculate s(r).
2
Let s(f) = -2*f + 6. Let c = -40 - -44. Determine s(c).
-2
Let i(y) = -2*y**2 - 4*y - 3. Let b be -2 + 1 - 4/(-2). Let a(q) = 5*q**3 + 2*q**2 - 2*q + 1. Let c be a(b). Suppose -c*f = -f + 10. Determine i(f).
-3
Suppose 0*a + 4*a + 5*c = 45, 0 = a - c. Let n(x) = x**3 - 6*x**2 + 5*x + 7. What is n(a)?
7
Let i be (4/16)/(2/(-8)). Let t be 3 + i/(3/9). Suppose 5*x - 5 = t, -3*y = -x + 2*x - 1. Let p(l) = l**2 + l + 5. Calculate p(y).
5
Let j = 1 + 1. Let t(y) = 11 - j + y - y + y + y**2. What is t(0)?
9
Suppose 0 = 3*s - 10 + 4. Let i(o) = -3*o**2 - s*o**2 - 2*o**3 - 2*o**3 - 5 + o + 5*o**3. Calculate i(5).
0
Let n(c) = -4 + c + 3 - 3*c. Suppose f - 5*f = -o, o - 3 = f. Determine n(f).
-3
Let v = -16 - -9. Let n(a) = -a**3 - 7*a**2 + a + 9. What is n(v)?
2
Let r = -1 + -5. Let v be (4 - 1)*(-4)/r. Let b(i) = -5 + v + 2 + i**2 - 5*i + 7*i. Calculate b(1).
2
Let s be (5/3)/((-110)/(-132)). Let c = 7 - 4. Let a = c + s. Let b(w) = w**2 - 7*w + 7. Give b(a).
-3
Let x(f) = -f**2 + f + 1. Let h(a) = -5*a**2 + a - 2. Let r(w) = h(w) + x(w). Let o(s) = -s**3 + 5*s**2 + 6*s + 1. Let m be o(6). Give r(m).
-5
Suppose 2*z - 20 = -3*z. Let k(j) = 3*j + 1 + 0 - 4*j. Give k(z).
-3
Let a(f) = f + 4. Let p(d) = -2*d - 1. Let r(y) = a(y) + p(y). Calculate r(5).
-2
Let g(x) = -x - 1. Let k = 16 - 8. Suppose -k*f = -10*f. Give g(f).
-1
Suppose 6*c - 3 = -3. Let b(h) be the second derivative of -1/3*h**3 - h + 0*h**2 + c. Determine b(-3).
6
Let m(r) = -5*r - 18. Let l(q) = -4*q - 17. Let k(n) = -6*l(n) + 5*m(n). What is k(12)?
0
Let a(g) = 33*g - 65*g - 10 + 34*g. Determine a(7).
4
Let u(z) be the second derivative of -1/60*z**5 + z + z**2 + 2/3*z**3 + 0 - 1/24*z**4. Let o(p) be the first derivative of u(p). Calculate o(-3).
-2
Let b(w) = 7*w + 2. Let t(l) be the first derivative of 15*l**2/2 + 3*l + 2. Let g(r) = -5*b(r) + 3*t(r). Calculate g(1).
9
Let t(a) = -2*a + 10. Suppose 3 = 7*n - 6*n + 2*p, -3 = -p. Let b(x) = 3*x - 11. Let h(c) = n*b(c) - 4*t(c). Let d = 1 + -1. Calculate h(d).
-7
Let a = 15 + -11. Let t(w) = 3*w - w - w**2 + 2*w + a. Let r = -6 + 11. Calculate t(r).
-1
Let n(a) = a**2 - a - 1. Let z(r) = -5*r**2 + 4*r. Let s = -11 - -12. Let o(b) = s*z(b) + 2*n(b). Let h be (-1)/(-3) - 5/(-3). What is o(h)?
-10
Let s be -8 + 9 + (-2)/(-1). Let b(j) = -2*j**2 + 4*j + 1. What is b(s)?
-5
Let f(h) = -11*h + 0*h**3 + 5 + 11*h**2 - 18*h**2 + h**3. Calculate f(8).
-19
Let u(m) = -6*m**2 + 3. Let h(l) = -l**3 - l**2 - l + 1. Let t(d) = -2*h(d) + u(d). Suppose -2*y = 3*y + 30. Let n = -4 - y. What is t(n)?
5
Let b(o) = 16 + o**2 + 7*o**3 + 5*o**3 - 17. Suppose -15 = -5*x + 2*f, 3*f + 12 + 3 = 0. Determine b(x).
12
Let q(t) = t + 1. Let j(m) = 3*m + 2. Let f(p) = 2*j(p) - 5*q(p). What is f(7)?
6
Let v(q) = q**3 - 3*q**2 - 2*q - 1. Let u = 5 + -2. Let r = u + 0. Suppose -9 = -3*y + r. What is v(y)?
7
Let p(m) = -2*m + 3. Suppose -8 = 4*q - 24. Determine p(q).
-5
Let w(p) = 42*p**2 + 2 - 47*p**2 - 4 - 5*p - p**3. Let a be (3 - 4)/((-2)/(-6)). Determine w(a).
-5
Let n = 35 + -39. Let m(j) = 3*j + 5. Determine m(n).
-7
Let k = -90 - -84. Let x(b) = -14*b**2 - 4*b + 20. Let l(d) = 5*d**2 + d - 7. Let a(g) = 11*l(g) + 4*x(g). Determine a(k).
-3
Let v(q) = 6*q - 2. Suppose -c - 6 = -1. Let n = 7 + c. Let f be 2 + (1 - (-1 + n)). What is v(f)?
10
Let c(n) = 10*n**2 - 5*n + 4. Let d(q) = 49*q**2 - 19*q + 21. Let t(w) = 33*w**2 - 13*w + 14. Let v(y) = 5*d(y) - 8*t(y). Let u(x) = 5*c(x) + 3*v(x). Give u(1).
-6
Suppose 4*i + 4 = -8. Let h(g) be the third derivative of g**4/24 + g**3/2 - 3*g**2. What is h(i)?
0
Suppose -k - 9 = s + 3*s, 18 = -3*k - 3*s. Let d be (-4 + 6)*k/(-2). Let o(r) = r**2 - 2*r - 6. What is o(d)?
9
Suppose 0 = c + 1 - 4. Let p(u) = 6*u + 2. Let o = 3 - 4. Let x(j) = -j - 1. Let t(i) = o*p(i) - 4*x(i). Determine t(c).
-4
Let h(u) = 5*u**2 + 4*u - 7. Let a(j) = 4*j**2 + 3*j - 6. Let v(p) = 4*a(p) - 3*h(p). What is v(-3)?
6
Suppose 0 = 3*i + i - 12. Let n(c) = -c**3 + 3*c**2 - 2*c - 1. Give n(i).
-7
Let r be 3/3 - 1*2. Let a be (-3)/r - (-1 + 2). Let l(p) = -p + 1. Calculate l(a).
-1
Let h = 18 + -11. Let i(y) = h*y**2 - 3*y**2 - 3*y**2 + 5*y + 0*y**2 - 6. Let g be -3*(1 - 2/(-3)). Determine i(g).
-6
Suppose 0 = -6*r + 4 - 46. Let l(q) = -q**2 - 7*q - 6. What is l(r)?
-6
Suppose -5 + 2 = 3*h. Let o(b) = b**3 - b**2. What is o(h)?
-2
Suppose 0 = 2*c - 10 + 2. Let z(n) = -n**3 + 3*n**2 + 2*n - 4. What is z(c)?
-12
Let s be (-32)/(-6) + (-7)/21. Let b(p) = -4*p - 6. Determine b(s).
-26
Let x = 14 + -5. Let f(l) = 203 - 203 - x*l. Calculate f(-1).
9
Let y(z) = z - 1. Let r = -1 + 5. Calculate y(r).
3
Let y = -112 - -78. Let a be y/(-10) + 8/(-20). Let z(n) = n**3 - 2*n**2 - 3*n + 1. Determine z(a).
1
Let u(n) = -n**3 + 5*n**2 - 2*n + 5. Suppose 5*s - 20 = 5. Calculate u(s).
-5
Let c(p) = -176*p + 174*p + 0